{"version":"1.0","provider_name":"Activa Costa Blanca","provider_url":"https:\/\/activacostablanca.com\/fr\/","author_name":"Activa Costablanca","author_url":"https:\/\/activacostablanca.com\/fr\/author\/activa_cb\/","title":"XV Fira Gata al Carrer - Activa Costa Blanca","type":"rich","width":600,"height":338,"html":"<blockquote class=\"wp-embedded-content\" data-secret=\"1Jhm5GzVDl\"><a href=\"https:\/\/activacostablanca.com\/fr\/evenements\/xv-fira-gata-al-carrer\/\">XV Fira Gata al Carrer<\/a><\/blockquote><iframe sandbox=\"allow-scripts\" security=\"restricted\" src=\"https:\/\/activacostablanca.com\/fr\/evenements\/xv-fira-gata-al-carrer\/embed\/#?secret=1Jhm5GzVDl\" width=\"600\" height=\"338\" title=\"\u00ab\u00a0XV Fira Gata al Carrer\u00a0\u00bb &#8212; Activa Costa Blanca\" data-secret=\"1Jhm5GzVDl\" frameborder=\"0\" marginwidth=\"0\" marginheight=\"0\" scrolling=\"no\" class=\"wp-embedded-content\"><\/iframe><script type=\"text\/javascript\">\n\/* <![CDATA[ *\/\n\/*! This file is auto-generated *\/\n!function(d,l){\"use strict\";l.querySelector&&d.addEventListener&&\"undefined\"!=typeof URL&&(d.wp=d.wp||{},d.wp.receiveEmbedMessage||(d.wp.receiveEmbedMessage=function(e){var t=e.data;if((t||t.secret||t.message||t.value)&&!\/[^a-zA-Z0-9]\/.test(t.secret)){for(var s,r,n,a=l.querySelectorAll('iframe[data-secret=\"'+t.secret+'\"]'),o=l.querySelectorAll('blockquote[data-secret=\"'+t.secret+'\"]'),c=new RegExp(\"^https?:$\",\"i\"),i=0;i<o.length;i++)o[i].style.display=\"none\";for(i=0;i<a.length;i++)s=a[i],e.source===s.contentWindow&&(s.removeAttribute(\"style\"),\"height\"===t.message?(1e3<(r=parseInt(t.value,10))?r=1e3:~~r<200&&(r=200),s.height=r):\"link\"===t.message&&(r=new URL(s.getAttribute(\"src\")),n=new URL(t.value),c.test(n.protocol))&&n.host===r.host&&l.activeElement===s&&(d.top.location.href=t.value))}},d.addEventListener(\"message\",d.wp.receiveEmbedMessage,!1),l.addEventListener(\"DOMContentLoaded\",function(){for(var e,t,s=l.querySelectorAll(\"iframe.wp-embedded-content\"),r=0;r<s.length;r++)(t=(e=s[r]).getAttribute(\"data-secret\"))||(t=Math.random().toString(36).substring(2,12),e.src+=\"#?secret=\"+t,e.setAttribute(\"data-secret\",t)),e.contentWindow.postMessage({message:\"ready\",secret:t},\"*\")},!1)))}(window,document);\n\/* ]]> *\/\n<\/script>\n","thumbnail_url":"https:\/\/activacostablanca.com\/wp-content\/uploads\/2019\/05\/Cartellet-Fira.jpg","thumbnail_width":480,"thumbnail_height":350,"description":"La Fira Gata al Carrer, qui c\u00e9l\u00e8bre cette ann\u00e9e sa 15\u00e8me \u00e9dition, se tiendra les 6 et 7 octobre. Un salon o\u00f9 tous les commerces et entreprises locales exposent leurs produits et services. \u00c9chantillons gastronomiques, artisanat, associations, magasins, tout le monde sort dans la rue pour profiter de cette grande f\u00eate et ouvrir les portes [&hellip;]"}

La Fira Gata al Carrer, qui célèbre cette année sa 15ème édition, se tiendra les 6 et 7 octobre. Un salon où tous les commerces et entreprises locales exposent leurs produits et services. Échantillons gastronomiques, artisanat, associations, magasins, tout le monde sort dans la rue pour profiter de cette grande fête et ouvrir les portes [&hellip;]
