{"version":"1.0","provider_name":"Activa Costa Blanca","provider_url":"https:\/\/activacostablanca.com\/en\/","author_name":"demongrafix","author_url":"https:\/\/activacostablanca.com\/en\/author\/demongrafix\/","title":"Sailing regata Ruta de Sal Denia-Ibiza 2016 - Activa Costa Blanca","type":"rich","width":600,"height":338,"html":"<blockquote class=\"wp-embedded-content\" data-secret=\"m2HRXIvZxh\"><a href=\"https:\/\/activacostablanca.com\/en\/eventswatersports\/sailing-regata-ruta-de-sal-denia-ibiza-2016\/\">Sailing regata Ruta de Sal Denia-Ibiza 2016<\/a><\/blockquote><iframe sandbox=\"allow-scripts\" security=\"restricted\" src=\"https:\/\/activacostablanca.com\/en\/eventswatersports\/sailing-regata-ruta-de-sal-denia-ibiza-2016\/embed\/#?secret=m2HRXIvZxh\" width=\"600\" height=\"338\" title=\"&#8220;Sailing regata Ruta de Sal Denia-Ibiza 2016&#8221; &#8212; Activa Costa Blanca\" data-secret=\"m2HRXIvZxh\" frameborder=\"0\" marginwidth=\"0\" marginheight=\"0\" scrolling=\"no\" class=\"wp-embedded-content\"><\/iframe><script type=\"text\/javascript\">\n\/* <![CDATA[ *\/\n\/*! This file is auto-generated *\/\n!function(d,l){\"use strict\";l.querySelector&&d.addEventListener&&\"undefined\"!=typeof URL&&(d.wp=d.wp||{},d.wp.receiveEmbedMessage||(d.wp.receiveEmbedMessage=function(e){var t=e.data;if((t||t.secret||t.message||t.value)&&!\/[^a-zA-Z0-9]\/.test(t.secret)){for(var s,r,n,a=l.querySelectorAll('iframe[data-secret=\"'+t.secret+'\"]'),o=l.querySelectorAll('blockquote[data-secret=\"'+t.secret+'\"]'),c=new RegExp(\"^https?:$\",\"i\"),i=0;i<o.length;i++)o[i].style.display=\"none\";for(i=0;i<a.length;i++)s=a[i],e.source===s.contentWindow&&(s.removeAttribute(\"style\"),\"height\"===t.message?(1e3<(r=parseInt(t.value,10))?r=1e3:~~r<200&&(r=200),s.height=r):\"link\"===t.message&&(r=new URL(s.getAttribute(\"src\")),n=new URL(t.value),c.test(n.protocol))&&n.host===r.host&&l.activeElement===s&&(d.top.location.href=t.value))}},d.addEventListener(\"message\",d.wp.receiveEmbedMessage,!1),l.addEventListener(\"DOMContentLoaded\",function(){for(var e,t,s=l.querySelectorAll(\"iframe.wp-embedded-content\"),r=0;r<s.length;r++)(t=(e=s[r]).getAttribute(\"data-secret\"))||(t=Math.random().toString(36).substring(2,12),e.src+=\"#?secret=\"+t,e.setAttribute(\"data-secret\",t)),e.contentWindow.postMessage({message:\"ready\",secret:t},\"*\")},!1)))}(window,document);\n\/* ]]> *\/\n<\/script>\n","thumbnail_url":"https:\/\/activacostablanca.com\/wp-content\/uploads\/2019\/05\/ruta-de-sal-2.jpg","thumbnail_width":400,"thumbnail_height":325,"description":"El pr\u00f3ximo d\u00eda 24 de Marzo, Jueves Santo, comenzara la 29 edici\u00f3n de la Regata de Altura de la Ruta de la Sal con salidas desde Port Ginesta en Barcelona para la Versi\u00f3n Norte de la regata y desde Denia para Versi\u00f3n Este, con llegada, en ambos casos, en Sant Antoni de Portmany en Ibiza. [&hellip;]"}

El próximo día 24 de Marzo, Jueves Santo, comenzara la 29 edición de la Regata de Altura de la Ruta de la Sal con salidas desde Port Ginesta en Barcelona para la Versión Norte de la regata y desde Denia para Versión Este, con llegada, en ambos casos, en Sant Antoni de Portmany en Ibiza. [&hellip;]
