{"version":"1.0","provider_name":"Activa Costa Blanca","provider_url":"https:\/\/activacostablanca.com\/de\/","author_name":"Activa Costablanca","author_url":"https:\/\/activacostablanca.com\/de\/author\/activa_cb\/","title":"JOHANNISFEUER IN ALICANTE 2016 - Activa Costa Blanca","type":"rich","width":600,"height":338,"html":"<blockquote class=\"wp-embedded-content\" data-secret=\"RTgrS6ZF5n\"><a href=\"https:\/\/activacostablanca.com\/de\/feste\/johannisfeuer-in-alicante-2016\/\">JOHANNISFEUER IN ALICANTE 2016<\/a><\/blockquote><iframe sandbox=\"allow-scripts\" security=\"restricted\" src=\"https:\/\/activacostablanca.com\/de\/feste\/johannisfeuer-in-alicante-2016\/embed\/#?secret=RTgrS6ZF5n\" width=\"600\" height=\"338\" title=\"&#8222;JOHANNISFEUER IN ALICANTE 2016&#8220; &#8212; Activa Costa Blanca\" data-secret=\"RTgrS6ZF5n\" frameborder=\"0\" marginwidth=\"0\" marginheight=\"0\" scrolling=\"no\" class=\"wp-embedded-content\"><\/iframe><script type=\"text\/javascript\">\n\/* <![CDATA[ *\/\n\/*! This file is auto-generated *\/\n!function(d,l){\"use strict\";l.querySelector&&d.addEventListener&&\"undefined\"!=typeof URL&&(d.wp=d.wp||{},d.wp.receiveEmbedMessage||(d.wp.receiveEmbedMessage=function(e){var t=e.data;if((t||t.secret||t.message||t.value)&&!\/[^a-zA-Z0-9]\/.test(t.secret)){for(var s,r,n,a=l.querySelectorAll('iframe[data-secret=\"'+t.secret+'\"]'),o=l.querySelectorAll('blockquote[data-secret=\"'+t.secret+'\"]'),c=new RegExp(\"^https?:$\",\"i\"),i=0;i<o.length;i++)o[i].style.display=\"none\";for(i=0;i<a.length;i++)s=a[i],e.source===s.contentWindow&&(s.removeAttribute(\"style\"),\"height\"===t.message?(1e3<(r=parseInt(t.value,10))?r=1e3:~~r<200&&(r=200),s.height=r):\"link\"===t.message&&(r=new URL(s.getAttribute(\"src\")),n=new URL(t.value),c.test(n.protocol))&&n.host===r.host&&l.activeElement===s&&(d.top.location.href=t.value))}},d.addEventListener(\"message\",d.wp.receiveEmbedMessage,!1),l.addEventListener(\"DOMContentLoaded\",function(){for(var e,t,s=l.querySelectorAll(\"iframe.wp-embedded-content\"),r=0;r<s.length;r++)(t=(e=s[r]).getAttribute(\"data-secret\"))||(t=Math.random().toString(36).substring(2,12),e.src+=\"#?secret=\"+t,e.setAttribute(\"data-secret\",t)),e.contentWindow.postMessage({message:\"ready\",secret:t},\"*\")},!1)))}(window,document);\n\/* ]]> *\/\n<\/script>\n","thumbnail_url":"https:\/\/activacostablanca.com\/wp-content\/uploads\/2019\/05\/cartel_fogueres_2016_150px.jpg","thumbnail_width":150,"thumbnail_height":210,"description":"Alicante feiert den Beginn des Sommers mit seinen Johannisfeuern. Inmitten von Musik, Farben, Schie\u00dfpulver und Spektakel f\u00fcllen unz\u00e4hlige Menschen die Stra\u00dfen, um die Sonnenwende mit Freudenfeuern zu feiern. Zur Feier des Sommeranfangs war es in Alicante Tradition, am Abend des 23. Juni im Gr\u00fcnen zu Abend zu essen. Verspeist wurden typische Regionalprodukte, und zu Mitternacht [&hellip;]"}

Alicante feiert den Beginn des Sommers mit seinen Johannisfeuern. Inmitten von Musik, Farben, Schießpulver und Spektakel füllen unzählige Menschen die Straßen, um die Sonnenwende mit Freudenfeuern zu feiern. Zur Feier des Sommeranfangs war es in Alicante Tradition, am Abend des 23. Juni im Grünen zu Abend zu essen. Verspeist wurden typische Regionalprodukte, und zu Mitternacht [&hellip;]
